 -f - 26. Calculate d(-17).
-9
Let q(a) = -3*a + 1. What is q(5)?
-14
Let z(d) = -d**2 - 8*d + 10. What is z(-10)?
-10
Let n(y) = y**2 + 2*y - 5. Determine n(2).
3
Let z(x) = -x**2 - 24*x - 46. Calculate z(-27).
-127
Let w(x) = -2*x - 5. Give w(13).
-31
Let v(p) = p**2 - 19*p + 6. Determine v(17).
-28
Let r(l) = -2*l**2 - 31*l - 47. What is r(-14)?
-5
Let i(p) = 11*p**3 + p**2 + 2*p + 1. Calculate i(-1).
-11
Let c(g) = g**3 + 14*g**2 + 12*g - 16. Give c(-13).
-3
Let j(x) = -14*x**3 - 2*x + 1. Calculate j(1).
-15
Let l(y) = -7*y + 8. Determine l(5).
-27
Let g(c) = c**3 + 8*c**2 - 4*c - 13. What is g(-8)?
19
Let g(v) = 7*v + 9. What is g(-6)?
-33
Let l(z) = z**3 - 5*z**2 - 7*z. What is l(6)?
-6
Let s(z) = z - 4. Calculate s(-4).
-8
Let l(o) = -2*o**2 + 9*o - 8. Determine l(1).
-1
Let w(p) = -28*p + 235. Determine w(8).
11
Let p(h) = h**3 + 12*h**2 - 13*h + 4. Determine p(-13).
4
Let g(i) = -124*i + 250. Determine g(2).
2
Let f(r) = -9*r**3 + r**2 + 3*r - 2. What is f(-2)?
68
Let r(x) = x**2 - 28*x + 78. Determine r(3).
3
Let y(u) = 12*u**2 - 5*u - 2. Calculate y(-2).
56
Let u(t) = 33*t**2 - 3*t - 4. What is u(-1)?
32
Let i(k) = -k**2 - 11*k - 24. Give i(-11).
-24
Let d(g) = 12*g**2 - 33*g - 3. What is d(3)?
6
Let p(b) = -b**3 + 7*b**2 - 3*b - 9. What is p(7)?
-30
Let x(k) = -k + 3. Give x(-3).
6
Let b(p) = p**2 - 18*p + 81. Determine b(7).
4
Let y(g) = g**2 + 20*g + 96. What is y(-13)?
5
Let k(f) = -2*f**2 + 6*f + 2. Give k(4).
-6
Let f(p) = 2*p**2 + 68*p + 21. Give f(-34).
21
Let p(h) = -h**2 + 28*h - 36. Give p(26).
16
Let v(k) = -15*k + 77. Give v(6).
-13
Let k(y) = 4*y - 33. Give k(12).
15
Let t(j) = -j**3 - 7*j**2 - 3*j - 7. Determine t(-3).
-34
Let n(w) = -101*w - 1416. Determine n(-14).
-2
Let x(y) = -y**2 - 10*y - 33. What is x(-8)?
-17
Let q(m) = 2*m**2 + 4*m + 2. Give q(-2).
2
Let b(x) = x**3 + 3*x - 7. Determine b(0).
-7
Let v(w) = 17*w - 61. Give v(6).
41
Let j(s) = s**3 - s**2 - 9*s + 19. What is j(2)?
5
Let s(w) = -2*w + 24. What is s(8)?
8
Let a(l) = -l**2 + 5*l + 10. Calculate a(7).
-4
Let a(z) = 3*z - 12. What is a(8)?
12
Let x(z) = -22*z - 13. Give x(8).
-189
Let c(o) = -4*o + 113. Calculate c(27).
5
Let k(q) = -13*q + 1. What is k(-1)?
14
Let i(z) = -z - 21. What is i(0)?
-21
Let h(y) = 3*y**3 + 7*y**2 - 7*y - 9. Determine h(-3).
-6
Let t(b) = b**3 + 8*b**2 + 14*b + 17. Give t(-4).
25
Let p(f) = -2*f + 5. Give p(4).
-3
Let n(y) = 8*y - 9. What is n(6)?
39
Let z(t) = t - 2. Determine z(8).
6
Let x(j) = j**2 + 7*j - 2. Calculate x(-8).
6
Let v(n) = -3*n - 18. Calculate v(-3).
-9
Let y(q) = -q + 40. Determine y(11).
29
Let n(c) = c**3 - 17*c**2 - 38*c + 13. Determine n(19).
13
Let l(d) = 2*d**2 + 74*d - 162. Give l(-39).
-6
Let c(l) = -l**3 - l**2 + l + 7. Calculate c(-3).
22
Let v(m) = 15*m - 117. Determine v(7).
-12
Let j(p) = p**2 + 15*p - 26. Give j(-17).
8
Let q(j) = -3*j. Give q(4).
-12
Let l(o) = -o**3 + 12*o**2 + 11*o + 29. What is l(12)?
161
Let q(y) = y**2 + 11*y. Determine q(-4).
-28
Let t(g) = -g**3 + 15*g**2 + g - 3. Give t(15).
12
Let y(v) = -v**3 + 8*v**2 + 12*v + 6. Determine y(9).
33
Let m(x) = x**2 + 11*x - 11. Determine m(-11).
-11
Let p(v) = -v**3 - 3*v**2 + 5*v - 4. Determine p(-5).
21
Let c(x) = x**3 - 19*x**2 + 47*x + 5. Calculate c(16).
-11
Let q(k) = -k**2 - 1. Determine q(0).
-1
Let m(z) = 74*z. Give m(1).
74
Let z(l) = 51*l**3 - 3*l**2 + l. What is z(1)?
49
Let q(v) = -v**3 + 3*v - 4. Calculate q(-4).
48
Let o(m) = m**3 - 8*m**2 + 4*m + 9. What is o(6)?
-39
Let k(a) = a**3 - 4*a**2 + 4*a + 7. Give k(4).
23
Let w(x) = 2*x**3 - 54*x**2 - 11. Determine w(27).
-11
Let z(k) = -2*k**2 + 13*k - 11. Determine z(6).
-5
Let s(t) = t**3 - 22*t**2 + 99*t - 53. Give s(16).
-5
Let s(w) = w**3 - 2*w**2 - 10*w + 2. What is s(4)?
-6
Let g(c) = 5*c - 96. Calculate g(29).
49
Let x(h) = 22*h**2 + 94*h + 18. Determine x(-4).
-6
Let o(i) = 40*i - 793. What is o(20)?
7
Let f(w) = -3*w + 7. Determine f(5).
-8
Let r(q) = q**2 - 17*q - 6. Calculate r(8).
-78
Let z(x) = 21*x + 113. Give z(-5).
8
Let j(q) = -3*q**2 - 11*q - 9. Determine j(-3).
-3
Let u(q) = -q + 11. Determine u(6).
5
Let k(h) = h**2 - 2*h - 6. Determine k(3).
-3
Let j(m) = -m**3 - 4*m**2 + 26*m + 69. Give j(-5).
-36
Let w(j) = -18*j + 95. Give w(5).
5
Let u(l) = -4*l - 149. Determine u(-35).
-9
Let o(u) = -u**2 + 31*u - 86. Calculate o(28).
-2
Let c(q) = -39*q**2 + 1. Determine c(-1).
-38
Let w(x) = x**2 + 8*x + 9. Give w(-5).
-6
Let g(d) = -d**2 - 12*d - 22. What is g(-11)?
-11
Let k(y) = y**2 - 12*y + 2. Calculate k(11).
-9
Let i(f) = f**3 - 14*f**2 + 13*f + 3. What is i(13)?
3
Let b(p) = 36*p - 71. What is b(3)?
37
Let s(j) = j**3 + 5*j**2 - 5*j + 13. What is s(-6)?
7
Let d(k) = -k**2 + 12*k - 11. Give d(13).
-24
Let y(f) = f**2 - 18*f - 12. What is y(18)?
-12
Let s(a) = a**3 + 15*a**2 - 18*a - 16. Determine s(-16).
16
Let q(i) = -12*i - 92. What is q(-8)?
4
Let b(j) = 285*j + 1710. Determine b(-6).
0
Let c(z) = z**3 - 4*z**2 - 5*z - 7. Calculate c(6).
35
Let x(s) = -4*s - 9. Give x(-4).
7
Let i(k) = 2*k**2 + 11*k + 12. Give i(-6).
18
Let a(c) = 160*c - 165. Calculate a(1).
-5
Let q(w) = w**3 - 17*w**2 + 30*w - 1. Give q(15).
-1
Let v(f) = 10*f - 214. What is v(19)?
-24
Let a(q) = -q**2 - 8*q - 27. Give a(-10).
-47
Let o(y) = -12*y + 58. Calculate o(7).
-26
Let t(h) = 13*h - 109. Determine t(8).
-5
Let n(z) = z**3 + z - 3. Determine n(2).
7
Let q(r) = r**3 + 7*r**2 + r + 4. Calculate q(-3).
37
Let n(l) = -161*l**3 + l**2 - 1. Calculate n(-1).
161
Let x(d) = -3*d - 38. Calculate x(-18).
16
Let a(i) = i**3 - 8*i**2 + 9*i - 5. What is a(7)?
9
Let c(o) = 2*o**2 + 5*o - 9. Give c(-5).
16
Let h(f) = f**3 + f**2 - 2*f - 6. Give h(0).
-6
Let b(t) = -20*t - 22. Give b(-4).
58
Let c(x) = x**3 + 12*x**2 + x - 123. Determine c(-11).
-13
Let y(u) = 4*u + 16. Determine y(-5).
-4
Let s(n) = 3*n - 42. Determine s(14).
0
Let i(f) = 10*f + 4. Determine i(-3).
-26
Let c(r) = -r**2 - 6*r + 23. Calculate c(-8).
7
Let p(a) = -5*a + 21. Determine p(4).
1
Let n(q) = -q**2 - 38*q - 195. What is n(-6)?
-3
Let x(r) = -r**3 - 3*r**2 - 5*r - 7. What is x(-3)?
8
Let l(f) = 13*f - 66. What is l(5)?
-1
Let s(p) = 2*p**2 + 16*p - 1. Give s(-9).
17
Let r(c) = -37*c - 411. What is r(-11)?
-4
Let r(f) = f**3 - f**2 - 4*f - 7. Calculate r(0).
-7
Let o(z) = -z**3 - 3*z**2 + z + 2. Determine o(-4).
14
Let o(m) = -3*m**2 + 2*m - 3. What is o(2)?
-11
Let o(h) = h**2 - 23*h - 4. Calculate o(23).
-4
Let n(l) = -l**2 + 2*l + 12. Give n(9).
-51
Let t(k) = -k**3 + 7*k**2 + 8*k - 18. Give t(8).
-18
Let t(u) = -19*u + 42. Determine t(3).
-15
Let r(k) = 4*k. Calculate r(-7).
-28
Let n(d) = -d**3 + 11*d**2 + 12*d + 10. Give n(12).
10
Let t(g) = -g**3 + 16*g**2 - 16*g + 14. Give t(15).
-1
Let j(g) = 12*g - 40. Calculate j(12).
104
Let t(u) = u**3 + 4*u**2 + 9*u - 2. Give t(-4).
-38
Let i(f) = -f**3 - 7*f**2 + 7*f + 9. Calculate i(-9).
108
Let t(b) = -5*b**2 - 100*b + 12. Calculate t(-20).
12
Let b(p) = 23*p**3 - 3*p**2 + 2. Give b(-1).
-24
Let h(p) = 109*p + 534. Determine h(-5).
-11
Let o(n) = -9*n + 12. Give o(-10).
102
Let r(l) = -l**2 - 16*l - 16. Calculate r(-15).
-1
Let d(q) = q**2 + 8*q + 10. Calculate d(-8).
10
Let l(q) = -5*q**3 + q**2 - 3*q + 2. What is l(1)?
-5
Let h(p) = -p**3 + p**2 + 2*p - 5. Calculate h(-3).
25
Let n(y) = 9*y**3 - 2*y**2 + y. Calculate n(1).
8
Let g(l) = l**3 - 6*l**2 - 20*l + 15. Give g(8).
-17
Let h(a) = 5*a - 1. Determine h(5).
24
Let g(h) = h**2 + 5*h - 39. Calculate g(4).
-3
Let d(q) = q**2 + 10*q - 19. What is d(-10)?
-19
Let c(s) = -8*s. What is c(0)?
0
Let n(w) = 2*w + 67. What is n(-29)?
9
Let k(u) = 3*u + 22. Calculate k(-7).
1
Let j(d) = d**3 + 22*d**2 + 41*d + 21. What is j(-20)?
1
Let i(o) = o**3 + 3*o**2 - 11*o - 1. Give i(-5).
4
Let j(h) = h**2 + 8*h - 5. Give j(-4).
-21
Let h(f) = f**2 - 38. What is h(-7)?
11
Let d(q) = -q - 6. What is d(-1)?
-5
Let l(d) = -d**2 - 29*d - 63. Determine l(-32).
-159
Let d(t) = 28*t**2 - t + 1. What is d(1)?
28
Let q(l) = -l - 2. What is q(2)?
-4
Let c(n) = -n**3 + 12*n**2 - 15*n + 31. Give c(11).
-13
Let f(n) = 14*n + 15. Determine f(-9).
-111
Let q(l) = -l**3 + l - 11. Determine q(0).
-11
Let q(t) = t**3 + 6*t**2 + 9*t + 13. Give q(-4).
9
Let f(q) = q**2 + 9*q - 63. Determine f(5).
7
Let m(q) = -q**2 - 19*q - 33. What is m(-17